c - 318 - 98 = -13*c. Calculate the remainder when 3/(-12) + 3535/28 is divided by c.
14
Let l be (3 + 7/(-2))*-2. Calculate the remainder when -8*2/(-10)*(-24910)/(-424) + 6 is divided by 2 + 1 + 30 + l.
32
Suppose 170*b = -b + 5448060. What is the remainder when b is divided by 13?
10
Let q(s) = 84*s**2 + 3*s + 4. Let g = 105 - 106. Calculate the remainder when q(g) is divided by 29.
27
Suppose 3289*l - 11638 = 3266*l. What is the remainder when l is divided by 139?
89
Suppose 46*h - 540 = 34*h. Let o(l) = -7*l - 6. Let w be o(-3). What is the remainder when (132/w)/(4/60) is divided by h?
42
Let s(q) = q**2 - 34*q + 108. Calculate the remainder when 183 is divided by s(3).
3
Let r be (11/(-3) - (-1 - 3))*42. Suppose -a - 5*h = -101, r*a + 4*h = 10*a + 324. Calculate the remainder when a is divided by 27.
22
Suppose 55*b - 52*b = 12. Let x be b/(-18) - (-1)/((-27)/(-60)). Calculate the remainder when 189 is divided by x + -3 - -47 - (-3 - -1).
45
Let d(n) = 626*n - 1451. What is the remainder when d(5) is divided by 153?
149
Let u(s) = -2*s**2 + 8*s - 3. Let w be u(2). Suppose -325 = -4*a + 2*n + 599, w*n + 10 = 0. What is the remainder when a is divided by 29?
27
Let s(i) = -i**3 - 5*i**2 - 10*i - 24. Let y be s(-4). Suppose 8*m - 155 - 469 = y. Calculate the remainder when 545 is divided by m.
77
Let d(w) = -88*w + 417. Calculate the remainder when d(-23) is divided by 74.
73
Suppose 2*g + 213 = 3*c, c = 4*c - 4*g - 225. What is the remainder when 455 is divided by c?
53
Suppose 4*t - 39 - 137 = 0. Calculate the remainder when t is divided by ((-31)/4 - (-59 - -50))/((-1)/(-24)).
14
Let d(q) = -q**3 - 11*q**2 + 32*q + 6. Let o be d(3). Calculate the remainder when o/(-20) + (-3619)/(-55) is divided by 4.
3
Let m be -9 + (-9)/(-18)*1922. Let d = m + -920. What is the remainder when d is divided by 3?
2
Suppose -3*d + 188 = 5*j - 103, 5*j - 4*d - 312 = 0. Calculate the remainder when 284 is divided by j.
44
Suppose -3*r = 3*j + r - 83, 4*r = 20. What is the remainder when 138 is divided by (((-225)/7)/3)/((-3)/j)?
63
Let o = -9647 + 10022. What is the remainder when 775 is divided by o?
25
Let l = 22 - 18. Suppose -4*s + 5*d = -135, -s = -3*d + l*d - 36. Suppose 3*w - 5*w = 4*c - 34, 4*c + 3*w = s. Calculate the remainder when 29 is divided by c.
5
Let p(m) = 20*m + 381. Let u be p(-34). Let t = -297 - u. Calculate the remainder when 51 is divided by t.
1
Let y(o) = o + 7. Let w be y(-13). Let k(b) = 17*b + 141. Calculate the remainder when 170 is divided by k(w).
14
Let k(g) = g**2 - 10*g + 27. Let x be k(6). Let n = -20 - -38. Suppose -4*p - 8 - 21 = -x*l, -n = -2*l + 4*p. What is the remainder when 32 is divided by l?
10
What is the remainder when 87 is divided by 2/(3 + (259/37 - 79/8))?
7
Let l = -76 + 111. What is the remainder when (-6)/20*17/((-612)/20)*942 is divided by l?
17
Calculate the remainder when 292 is divided by ((-8)/(-10))/(11/55*4/6).
4
Let y = 501 + 139. Let n = y + -354. Calculate the remainder when n is divided by 58.
54
Suppose -1 = -2*d + 1. What is the remainder when 287 is divided by -3 + d + 48 - -2?
47
Suppose 9648 = 11*m - 25299. What is the remainder when m is divided by 30?
27
Suppose 262*v - 31320 = -3286. Calculate the remainder when 806 is divided by v.
57
Suppose -32*m - 13 = -1356 - 929. Calculate the remainder when 200 is divided by m.
58
Let z = 9105 + -8165. Calculate the remainder when z is divided by 35.
30
Let b(s) = -3*s**3 - 9*s**2 + 13*s - 5. Let c be b(-5). Suppose -3*g = -c + 29. Calculate the remainder when 46 is divided by g.
12
Suppose -1672 = -a - 3*a. Let t = a - 397. What is the remainder when 68 is divided by t?
5
Let t = -89 - -239. Suppose -3*j - 4*j + 5586 = 0. Suppose -5*r = 16*r - j. What is the remainder when t is divided by r?
36
What is the remainder when 36/(-21) - (-468884)/994 is divided by 154?
8
Suppose -37*n + 109116 = -113086 + 82527. Calculate the remainder when n is divided by 84.
79
Suppose l - 3*r = -21, 16 = -l + 3*r - r. Let b be 6 + 11 - -2*l/(-4). Suppose p = 2*g - b, 5*g = -p - 7 + 50. Calculate the remainder when 52 is divided by g.
7
What is the remainder when 160 is divided by 3360/392*35/2?
10
Let m = 26761 - 24887. What is the remainder when 1875 is divided by m?
1
Let v = -3171 + 3195. What is the remainder when 52 is divided by v?
4
Suppose 40*l - 145*l = -1890. Suppose -160 = 3*g - 2*p, 5*g + 296 = -3*p - p. Let r = g + 127. What is the remainder when r is divided by l?
17
Suppose 5*v = -5*k + 980, -2*k - 3*k = -v - 992. Let y = k - 185. Let r(m) = -7*m**3 + m**2 + 2*m + 1. What is the remainder when y is divided by r(-1)?
6
Let f(b) = b**3 + 14*b**2 + 23*b - 8. Let l be f(-12). Suppose -2*z - p = -164, 3*z = l*z + 5*p - 73. What is the remainder when z is divided by 17?
15
Suppose -107 - 5 = -4*z. Let j = -138 - -124. What is the remainder when z is divided by ((-56)/j)/(4/10)?
8
Let s be (2 + -2)/6 + 4. What is the remainder when 5 is divided by -1 + (s - 2) + -2 + 4?
2
Let p = 147 + -144. Suppose 0 = p*r - 863 + 191. What is the remainder when r is divided by 5?
4
Suppose 0 = -3*c - 4*z + 228, -5*z - 97 = -2*c + 78. Let h(a) = -2*a**2 - a + 9. Calculate the remainder when c is divided by h(0).
8
Let z be (1 - (-14)/(-10))/(38/5510). Let d = -59 - z. What is the remainder when (-5)/((-10)/44) + d is divided by 11?
10
Let l be (-2)/(-6) + (-16590)/(-45). Suppose -4*w - 4*a + 372 = 0, w - a + l = 5*w. Let c = w + -23. Calculate the remainder when c is divided by 7.
6
Let i(k) = k**2 + 22*k - 63. Let g be i(-22). Let n = -13 - g. What is the remainder when 299 is divided by n?
49
Let q(l) = -38*l + 31*l + 20*l - 21 + 4*l**2. What is the remainder when q(-14) is divided by 45?
41
Suppose y + 16 = x, 0*x - 3*x - 2*y + 53 = 0. Suppose -4*t - 5*p = x - 76, 5*t = 2*p + 49. What is the remainder when 17 is divided by t?
6
Suppose -36 = -4*d - 12. Let m(u) = -u**3 - u**2 + u + 2. Let v be m(0). Suppose -6*s = v*s - 264. Calculate the remainder when s is divided by d.
3
Let f = -3862 - -3906. Calculate the remainder when 123 is divided by f.
35
Let a(m) = -2*m**3 + 94*m**2 - 175*m + 41. Calculate the remainder when a(44) is divided by 72.
69
Let i(w) = 1137*w - 1637. What is the remainder when i(2) is divided by 3?
1
Let t = -44 + 67. Let a = -424 - -499. Calculate the remainder when t is divided by 4*(a/12 - 2 - 1).
10
Suppose 4*g = 5*o - 7058, 6*g - 5*g + 5653 = 4*o. Calculate the remainder when o is divided by 12.
10
Let f(z) = 10131*z + 1655. Calculate the remainder when f(1) is divided by 262.
258
Suppose -78375 = -22*h - 33*h. What is the remainder when h is divided by 281?
20
What is the remainder when 580 is divided by -3*(9/((-216)/416) - 5)?
44
Let y = 114 - 112. Suppose -y*o + 25 = -183. Calculate the remainder when o is divided by 12.
8
Suppose 0*g + 4*g + 4*p - 312 = 0, 72 = g - 5*p. Let k = -686503 + 686643. Calculate the remainder when k is divided by g.
63
Calculate the remainder when 1 + -1 - 27*-1 is divided by 2/(5 + -7)*((-368)/14 + 22/77).
1
Let a = 15814 + -15707. Calculate the remainder when 216 is divided by a.
2
Let k be 1 - (-6)/(-10) - (-132)/(-30). Calculate the remainder when 10 is divided by k/(-6 + 38/7).
3
Let t(q) = -8*q**3 + 88*q**2 + 4*q - 30. What is the remainder when 303 is divided by t(11)?
9
What is the remainder when 8/(-18)*-6861 - (-8)/(-6) is divided by 1012?
12
Suppose 26264 + 45423 = 19*w. What is the remainder when w is divided by 32?
29
Suppose 5*s - 220 = -3*b, 2*b + 245 = -s + 6*s. Suppose 0 = y - s - 67. Suppose 0 = 2*w - 35 - 23. Calculate the remainder when y is divided by w.
27
Let k be 2*(-2)/(-12) + (-30334)/(-6). Suppose 4*m + m - 2*b = -k, 2008 = -2*m - 4*b. What is the remainder when m/(-8) - (-1)/(-4) is divided by 44?
38
What is the remainder when 681 is divided by (323/(-23) + (-95)/(-2185))*-1?
9
Let o = 12 - 10. Suppose -4*p - 140 = -l, -l + p + 453 = o*l. Calculate the remainder when l is divided by 14.
12
Suppose 19*a + 4*p + 4 = 17*a, 0 = 5*a + 5*p. Suppose 5*y - 2*u = -7*u + 300, 0 = -y - a*u + 56. What is the remainder when y is divided by 22?
20
Let p be 10 - ((10 - 6) + -5). Suppose 0 = -10*c - p*c + 8652. Calculate the remainder when c is divided by 18.
16
Let q(l) = 17*l + 71. Calculate